{"id":70,"date":"2010-02-24T17:00:58","date_gmt":"2010-02-24T16:00:58","guid":{"rendered":"http:\/\/localhost\/wordpress\/?page_id=70"},"modified":"2023-08-04T08:49:52","modified_gmt":"2023-08-04T06:49:52","slug":"theater-m-23","status":"publish","type":"page","link":"https:\/\/www.schlagnitweit.at\/?page_id=70","title":{"rendered":"Theater M.23"},"content":{"rendered":"\t\t<div data-elementor-type=\"wp-page\" data-elementor-id=\"70\" class=\"elementor elementor-70\">\n\t\t\t\t\t\t<section class=\"elementor-section elementor-top-section elementor-element elementor-element-19f8f7b7 elementor-section-full_width elementor-section-content-top elementor-section-stretched elementor-section-height-default elementor-section-height-default\" data-id=\"19f8f7b7\" data-element_type=\"section\" data-e-type=\"section\" data-settings=\"{&quot;stretch_section&quot;:&quot;section-stretched&quot;}\">\n\t\t\t\t\t\t<div class=\"elementor-container elementor-column-gap-narrow\">\n\t\t\t\t\t<div class=\"elementor-column elementor-col-100 elementor-top-column elementor-element elementor-element-68d94f4c\" data-id=\"68d94f4c\" data-element_type=\"column\" data-e-type=\"column\">\n\t\t\t<div class=\"elementor-widget-wrap elementor-element-populated\">\n\t\t\t\t\t\t<section class=\"elementor-section elementor-inner-section elementor-element elementor-element-4939abc4 elementor-section-full_width elementor-section-height-min-height elementor-section-content-top elementor-section-height-default\" data-id=\"4939abc4\" data-element_type=\"section\" data-e-type=\"section\">\n\t\t\t\t\t\t<div class=\"elementor-container elementor-column-gap-default\">\n\t\t\t\t\t<div class=\"elementor-column elementor-col-66 elementor-inner-column elementor-element elementor-element-7c082994\" data-id=\"7c082994\" data-element_type=\"column\" data-e-type=\"column\">\n\t\t\t<div class=\"elementor-widget-wrap elementor-element-populated\">\n\t\t\t\t\t\t<div class=\"elementor-element elementor-element-239fb81e elementor-widget elementor-widget-text-editor\" data-id=\"239fb81e\" data-element_type=\"widget\" data-e-type=\"widget\" data-widget_type=\"text-editor.default\">\n\t\t\t\t<div class=\"elementor-widget-container\">\n\t\t\t\t\t\t\t\t\t<p style=\"text-align: left;\">1998 habe ich &#8222;Theater M.23&#8220; gegr\u00fcndet, die Theater-Truppe der Kath. Hochschulgemeinde Linz, die unter der Leitung der Theater-Profis ERICH J. LANGWIESNER und \u2013 seit 2015 \u2013 BETTINA BUCHHOLZ\u00a0 (beide ehem. Ensemblemitglieder im Linzer Landestheater) allj\u00e4hrlich eine Produktion auf die B\u00fchne bringt.<\/p><p style=\"text-align: left;\">Mit der Produktion 2018 habe ich meine aktive Mitwirkung bei &#8222;Theater M.23&#8220; beendet.<\/p><ul><li style=\"text-align: left;\">1999: Federico Garc\u00eda Lorca &#8222;In seinem Garten liebt Don Perlimplin Belisa&#8220;<\/li><li style=\"text-align: left;\">2000:<a href=\"https:\/\/www.schlagnitweit.at\/galerie\/sam\/sam.html\" target=\"_blank\" rel=\"noopener noreferrer\"> Woody Allen &#8222;Spiel&#8217;s noch mal, Sam!&#8220;<\/a><\/li><li style=\"text-align: left;\">2001: <a href=\"https:\/\/www.schlagnitweit.at\/galerie\/begeistert\/begeistert.html\" target=\"_blank\" rel=\"noopener noreferrer\">Noel Coward &#8222;Begeistert&#8220;<\/a><\/li><li style=\"text-align: left;\">2002: <a href=\"https:\/\/www.schlagnitweit.at\/galerie\/elektra\/elektra.html\" target=\"_blank\" rel=\"noopener noreferrer\">Hugo v. Hofmannsthal &#8222;Elektra&#8220;<\/a><\/li><li style=\"text-align: left;\">2003: <a href=\"https:\/\/www.schlagnitweit.at\/galerie\/rosenkavalier\/rosenkavalier.html\" target=\"_blank\" rel=\"noopener noreferrer\">Hugo v. Hofmannsthal &#8222;Der Rosenkavalier&#8220;<\/a><\/li><li style=\"text-align: left;\">2004: <a href=\"https:\/\/www.schlagnitweit.at\/galerie\/koenig\/koenig.html\" target=\"_blank\" rel=\"noopener noreferrer\">Eug\u00e8ne Ionesco &#8222;Der K\u00f6nig stirbt&#8220;<\/a><\/li><li style=\"text-align: left;\">2005:<a href=\"https:\/\/www.schlagnitweit.at\/galerie\/salome\/salome.html\" target=\"_blank\" rel=\"noopener noreferrer\"> Oscar Wilde &#8222;Salome&#8220;<\/a><\/li><li style=\"text-align: left;\">2006: <a href=\"https:\/\/www.schlagnitweit.at\/galerie\/wienerwald\/wienerwald.html\" target=\"_blank\" rel=\"noopener noreferrer\">\u00d6d\u00f6n v. Horv\u00e1th &#8222;Geschichten aus dem Wiener Wald&#8220;<\/a><\/li><li style=\"text-align: left;\">2007: <a href=\"https:\/\/www.schlagnitweit.at\/galerie\/geiziger\/geiziger.html\" target=\"_blank\" rel=\"noopener noreferrer\">Jean-Baptiste Moli\u00e8re &#8222;Der Geizige&#8220;<\/a><\/li><li style=\"text-align: left;\">2008: <a href=\"https:\/\/www.schlagnitweit.at\/galerie\/marat\/marat.html\" target=\"_blank\" rel=\"noopener noreferrer\">Peter Weiss &#8222;Die Verfolgung und Ermordung Jean Paul Marats dargestellt durch die Schauspielgruppe des Hospizes zu Charenton unter Anleitung des Herrn de Sade&#8220;<\/a><\/li><li style=\"text-align: left;\">2009: <a title=\"Theater M.23 \u2013 2009\" href=\"https:\/\/www.schlagnitweit.at\/?page_id=784\" target=\"_blank\" rel=\"noopener noreferrer\">J.-P. Sartre &#8222;Das Spiel ist aus&#8220;<\/a><\/li><li style=\"text-align: left;\">2010: <a title=\"Theater M.23 \u2013 2010\" href=\"https:\/\/www.schlagnitweit.at\/?page_id=765\" target=\"_blank\" rel=\"noopener noreferrer\">Terry Pratchett &#8222;MacBest&#8220;<\/a><\/li><li style=\"text-align: left;\">2011: <a href=\"https:\/\/www.schlagnitweit.at\/?page_id=727\" target=\"_blank\" rel=\"noopener noreferrer\">Dea Loher &#8222;Diebe&#8220;<\/a><\/li><li style=\"text-align: left;\">2012: <a href=\"https:\/\/www.schlagnitweit.at\/?page_id=907\" target=\"_blank\" rel=\"noopener noreferrer\">Rolf Stemmle &#8222;Luzifers N\u00f6te mit der Demokratie und der Autobahn&#8220;<\/a><\/li><li style=\"text-align: left;\">2014: <a href=\"https:\/\/www.schlagnitweit.at\/?page_id=1443\" target=\"_blank\" rel=\"noopener noreferrer\">Dea Loher &#8222;Unschuld&#8220;<\/a><\/li><li style=\"text-align: left;\">2015: <a href=\"https:\/\/www.schlagnitweit.at\/?page_id=1779\" target=\"_blank\" rel=\"noopener noreferrer\">Peter Hacks &#8222;Adam und Eva&#8220;<\/a><\/li><li style=\"text-align: left;\">2016: <a href=\"https:\/\/www.schlagnitweit.at\/?page_id=2077\" target=\"_blank\" rel=\"noopener noreferrer\">\u00d6d\u00f6n v. Horv\u00e1th &#8222;Kasimir und Karoline&#8220;<\/a><\/li><li style=\"text-align: left;\">2017: <a href=\"https:\/\/www.schlagnitweit.at\/?page_id=2108\" target=\"_blank\" rel=\"noopener noreferrer\">Jo\u00ebl Pommerat &#8222;Die Wiedervereinigung der beiden Koreas&#8220;<\/a><\/li><\/ul><p style=\"text-align: right;\"><a href=\"?page_id=3\" target=\"_self\" rel=\"noopener noreferrer\">\u2190 zur\u00fcck zur \u00dcbersicht<\/a><\/p>\t\t\t\t\t\t\t\t<\/div>\n\t\t\t\t<\/div>\n\t\t\t\t\t<\/div>\n\t\t<\/div>\n\t\t\t\t<div class=\"elementor-column elementor-col-33 elementor-inner-column elementor-element elementor-element-795e7ee3\" data-id=\"795e7ee3\" data-element_type=\"column\" data-e-type=\"column\">\n\t\t\t<div class=\"elementor-widget-wrap elementor-element-populated\">\n\t\t\t\t\t\t<div class=\"elementor-element elementor-element-6b77ffe0 elementor-widget elementor-widget-text-editor\" data-id=\"6b77ffe0\" data-element_type=\"widget\" data-e-type=\"widget\" data-widget_type=\"text-editor.default\">\n\t\t\t\t<div class=\"elementor-widget-container\">\n\t\t\t\t\t\t\t\t\t<h3 id=\"zitat\">Das Theater<br \/>ist der seligste<br \/>Schlupfwinkel<br \/>derjenigen,<br \/>die ihre Kindheit<br \/>heimlich in die<br \/>Tasche gesteckt<br \/>und sich damit<br \/>auf und davon<br \/>gemacht haben,<br \/>um bis an ihr<br \/>Lebensende<br \/>weiterzuspielen.<\/h3><h5 id=\"autor\" style=\"text-align: right;\"><em>(Max Reinhardt)<\/em><\/h5>\t\t\t\t\t\t\t\t<\/div>\n\t\t\t\t<\/div>\n\t\t\t\t\t<\/div>\n\t\t<\/div>\n\t\t\t\t\t<\/div>\n\t\t<\/section>\n\t\t\t\t\t<\/div>\n\t\t<\/div>\n\t\t\t\t\t<\/div>\n\t\t<\/section>\n\t\t\t\t<\/div>\n\t\t","protected":false},"excerpt":{"rendered":"<p>1998 habe ich &#8222;Theater M.23&#8220; gegr\u00fcndet, die Theater-Truppe der Kath. Hochschulgemeinde Linz, die unter der Leitung der Theater-Profis ERICH J. LANGWIESNER und \u2013 seit 2015 \u2013 BETTINA BUCHHOLZ\u00a0 (beide ehem. Ensemblemitglieder im Linzer Landestheater) allj\u00e4hrlich eine Produktion auf die B\u00fchne bringt. Mit der Produktion 2018 habe ich meine aktive Mitwirkung bei &#8222;Theater M.23&#8220; beendet. 1999: [&hellip;]<\/p>\n","protected":false},"author":1,"featured_media":0,"parent":3,"menu_order":20,"comment_status":"closed","ping_status":"closed","template":"","meta":{"site-sidebar-layout":"default","site-content-layout":"default","ast-site-content-layout":"default","site-content-style":"default","site-sidebar-style":"default","ast-global-header-display":"","ast-banner-title-visibility":"","ast-main-header-display":"","ast-hfb-above-header-display":"","ast-hfb-below-header-display":"","ast-hfb-mobile-header-display":"","site-post-title":"","ast-breadcrumbs-content":"","ast-featured-img":"","footer-sml-layout":"","ast-disable-related-posts":"","theme-transparent-header-meta":"default","adv-header-id-meta":"","stick-header-meta":"","header-above-stick-meta":"","header-main-stick-meta":"","header-below-stick-meta":"","astra-migrate-meta-layouts":"default","ast-page-background-enabled":"default","ast-page-background-meta":{"desktop":{"background-color":"","background-image":"","background-repeat":"repeat","background-position":"center center","background-size":"auto","background-attachment":"scroll","background-type":"","background-media":"","overlay-type":"","overlay-color":"","overlay-opacity":"","overlay-gradient":""},"tablet":{"background-color":"","background-image":"","background-repeat":"repeat","background-position":"center center","background-size":"auto","background-attachment":"scroll","background-type":"","background-media":"","overlay-type":"","overlay-color":"","overlay-opacity":"","overlay-gradient":""},"mobile":{"background-color":"","background-image":"","background-repeat":"repeat","background-position":"center center","background-size":"auto","background-attachment":"scroll","background-type":"","background-media":"","overlay-type":"","overlay-color":"","overlay-opacity":"","overlay-gradient":""}},"ast-content-background-meta":{"desktop":{"background-color":"var(--ast-global-color-5)","background-image":"","background-repeat":"repeat","background-position":"center center","background-size":"auto","background-attachment":"scroll","background-type":"","background-media":"","overlay-type":"","overlay-color":"","overlay-opacity":"","overlay-gradient":""},"tablet":{"background-color":"var(--ast-global-color-5)","background-image":"","background-repeat":"repeat","background-position":"center center","background-size":"auto","background-attachment":"scroll","background-type":"","background-media":"","overlay-type":"","overlay-color":"","overlay-opacity":"","overlay-gradient":""},"mobile":{"background-color":"var(--ast-global-color-5)","background-image":"","background-repeat":"repeat","background-position":"center center","background-size":"auto","background-attachment":"scroll","background-type":"","background-media":"","overlay-type":"","overlay-color":"","overlay-opacity":"","overlay-gradient":""}},"ngg_post_thumbnail":0,"footnotes":""},"class_list":["post-70","page","type-page","status-publish","hentry"],"_links":{"self":[{"href":"https:\/\/www.schlagnitweit.at\/index.php?rest_route=\/wp\/v2\/pages\/70","targetHints":{"allow":["GET"]}}],"collection":[{"href":"https:\/\/www.schlagnitweit.at\/index.php?rest_route=\/wp\/v2\/pages"}],"about":[{"href":"https:\/\/www.schlagnitweit.at\/index.php?rest_route=\/wp\/v2\/types\/page"}],"author":[{"embeddable":true,"href":"https:\/\/www.schlagnitweit.at\/index.php?rest_route=\/wp\/v2\/users\/1"}],"replies":[{"embeddable":true,"href":"https:\/\/www.schlagnitweit.at\/index.php?rest_route=%2Fwp%2Fv2%2Fcomments&post=70"}],"version-history":[{"count":48,"href":"https:\/\/www.schlagnitweit.at\/index.php?rest_route=\/wp\/v2\/pages\/70\/revisions"}],"predecessor-version":[{"id":5652,"href":"https:\/\/www.schlagnitweit.at\/index.php?rest_route=\/wp\/v2\/pages\/70\/revisions\/5652"}],"up":[{"embeddable":true,"href":"https:\/\/www.schlagnitweit.at\/index.php?rest_route=\/wp\/v2\/pages\/3"}],"wp:attachment":[{"href":"https:\/\/www.schlagnitweit.at\/index.php?rest_route=%2Fwp%2Fv2%2Fmedia&parent=70"}],"curies":[{"name":"wp","href":"https:\/\/api.w.org\/{rel}","templated":true}]}}

<div data-elementor-type="wp-page" data-elementor-id="70" class="elementor elementor-70">
						<section class="elementor-section elementor-top-section elementor-element elementor-element-19f8f7b7 elementor-section-full_width elementor-section-content-top elementor-section-stretched elementor-section-height-default elementor-section-height-default" data-id="19f8f7b7" data-element_type="section" data-e-type="section" data-settings="{&quot;stretch_section&quot;:&quot;section-stretched&quot;}">
						<div class="elementor-container elementor-column-gap-narrow">
					<div class="elementor-column elementor-col-100 elementor-top-column elementor-element elementor-element-68d94f4c" data-id="68d94f4c" data-element_type="column" data-e-type="column">
			<div class="elementor-widget-wrap elementor-element-populated">
						<section class="elementor-section elementor-inner-section elementor-element elementor-element-4939abc4 elementor-section-full_width elementor-section-height-min-height elementor-section-content-top elementor-section-height-default" data-id="4939abc4" data-element_type="section" data-e-type="section">
						<div class="elementor-container elementor-column-gap-default">
					<div class="elementor-column elementor-col-66 elementor-inner-column elementor-element elementor-element-7c082994" data-id="7c082994" data-element_type="column" data-e-type="column">
			<div class="elementor-widget-wrap elementor-element-populated">
						<div class="elementor-element elementor-element-239fb81e elementor-widget elementor-widget-text-editor" data-id="239fb81e" data-element_type="widget" data-e-type="widget" data-widget_type="text-editor.default">
				<div class="elementor-widget-container">
									<p style="text-align: left;">1998 habe ich &#8222;Theater M.23&#8220; gegründet, die Theater-Truppe der Kath. Hochschulgemeinde Linz, die unter der Leitung der Theater-Profis ERICH J. LANGWIESNER und – seit 2015 – BETTINA BUCHHOLZ  (beide ehem. Ensemblemitglieder im Linzer Landestheater) alljährlich eine Produktion auf die Bühne bringt.</p><p style="text-align: left;">Mit der Produktion 2018 habe ich meine aktive Mitwirkung bei &#8222;Theater M.23&#8220; beendet.</p><ul><li style="text-align: left;">1999: Federico García Lorca &#8222;In seinem Garten liebt Don Perlimplin Belisa&#8220;</li><li style="text-align: left;">2000:<a href="https://www.schlagnitweit.at/galerie/sam/sam.html" target="_blank" rel="noopener noreferrer"> Woody Allen &#8222;Spiel&#8217;s noch mal, Sam!&#8220;</a></li><li style="text-align: left;">2001: <a href="https://www.schlagnitweit.at/galerie/begeistert/begeistert.html" target="_blank" rel="noopener noreferrer">Noel Coward &#8222;Begeistert&#8220;</a></li><li style="text-align: left;">2002: <a href="https://www.schlagnitweit.at/galerie/elektra/elektra.html" target="_blank" rel="noopener noreferrer">Hugo v. Hofmannsthal &#8222;Elektra&#8220;</a></li><li style="text-align: left;">2003: <a href="https://www.schlagnitweit.at/galerie/rosenkavalier/rosenkavalier.html" target="_blank" rel="noopener noreferrer">Hugo v. Hofmannsthal &#8222;Der Rosenkavalier&#8220;</a></li><li style="text-align: left;">2004: <a href="https://www.schlagnitweit.at/galerie/koenig/koenig.html" target="_blank" rel="noopener noreferrer">Eugène Ionesco &#8222;Der König stirbt&#8220;</a></li><li style="text-align: left;">2005:<a href="https://www.schlagnitweit.at/galerie/salome/salome.html" target="_blank" rel="noopener noreferrer"> Oscar Wilde &#8222;Salome&#8220;</a></li><li style="text-align: left;">2006: <a href="https://www.schlagnitweit.at/galerie/wienerwald/wienerwald.html" target="_blank" rel="noopener noreferrer">Ödön v. Horváth &#8222;Geschichten aus dem Wiener Wald&#8220;</a></li><li style="text-align: left;">2007: <a href="https://www.schlagnitweit.at/galerie/geiziger/geiziger.html" target="_blank" rel="noopener noreferrer">Jean-Baptiste Molière &#8222;Der Geizige&#8220;</a></li><li style="text-align: left;">2008: <a href="https://www.schlagnitweit.at/galerie/marat/marat.html" target="_blank" rel="noopener noreferrer">Peter Weiss &#8222;Die Verfolgung und Ermordung Jean Paul Marats dargestellt durch die Schauspielgruppe des Hospizes zu Charenton unter Anleitung des Herrn de Sade&#8220;</a></li><li style="text-align: left;">2009: <a title="Theater M.23 – 2009" href="https://www.schlagnitweit.at/?page_id=784" target="_blank" rel="noopener noreferrer">J.-P. Sartre &#8222;Das Spiel ist aus&#8220;</a></li><li style="text-align: left;">2010: <a title="Theater M.23 – 2010" href="https://www.schlagnitweit.at/?page_id=765" target="_blank" rel="noopener noreferrer">Terry Pratchett &#8222;MacBest&#8220;</a></li><li style="text-align: left;">2011: <a href="https://www.schlagnitweit.at/?page_id=727" target="_blank" rel="noopener noreferrer">Dea Loher &#8222;Diebe&#8220;</a></li><li style="text-align: left;">2012: <a href="https://www.schlagnitweit.at/?page_id=907" target="_blank" rel="noopener noreferrer">Rolf Stemmle &#8222;Luzifers Nöte mit der Demokratie und der Autobahn&#8220;</a></li><li style="text-align: left;">2014: <a href="https://www.schlagnitweit.at/?page_id=1443" target="_blank" rel="noopener noreferrer">Dea Loher &#8222;Unschuld&#8220;</a></li><li style="text-align: left;">2015: <a href="https://www.schlagnitweit.at/?page_id=1779" target="_blank" rel="noopener noreferrer">Peter Hacks &#8222;Adam und Eva&#8220;</a></li><li style="text-align: left;">2016: <a href="https://www.schlagnitweit.at/?page_id=2077" target="_blank" rel="noopener noreferrer">Ödön v. Horváth &#8222;Kasimir und Karoline&#8220;</a></li><li style="text-align: left;">2017: <a href="https://www.schlagnitweit.at/?page_id=2108" target="_blank" rel="noopener noreferrer">Joël Pommerat &#8222;Die Wiedervereinigung der beiden Koreas&#8220;</a></li></ul><p style="text-align: right;"><a href="?page_id=3" target="_self" rel="noopener noreferrer">← zurück zur Übersicht</a></p>								</div>
				</div>
					</div>
		</div>
				<div class="elementor-column elementor-col-33 elementor-inner-column elementor-element elementor-element-795e7ee3" data-id="795e7ee3" data-element_type="column" data-e-type="column">
			<div class="elementor-widget-wrap elementor-element-populated">
						<div class="elementor-element elementor-element-6b77ffe0 elementor-widget elementor-widget-text-editor" data-id="6b77ffe0" data-element_type="widget" data-e-type="widget" data-widget_type="text-editor.default">
				<div class="elementor-widget-container">
									<h3 id="zitat">Das Theater<br />ist der seligste<br />Schlupfwinkel<br />derjenigen,<br />die ihre Kindheit<br />heimlich in die<br />Tasche gesteckt<br />und sich damit<br />auf und davon<br />gemacht haben,<br />um bis an ihr<br />Lebensende<br />weiterzuspielen.</h3><h5 id="autor" style="text-align: right;"><em>(Max Reinhardt)</em></h5>								</div>
				</div>
					</div>
		</div>
					</div>
		</section>
					</div>
		</div>
					</div>
		</section>
				</div>

<p>1998 habe ich &#8222;Theater M.23&#8220; gegründet, die Theater-Truppe der Kath. Hochschulgemeinde Linz, die unter der Leitung der Theater-Profis ERICH J. LANGWIESNER und – seit 2015 – BETTINA BUCHHOLZ  (beide ehem. Ensemblemitglieder im Linzer Landestheater) alljährlich eine Produktion auf die Bühne bringt. Mit der Produktion 2018 habe ich meine aktive Mitwirkung bei &#8222;Theater M.23&#8220; beendet. 1999: [&hellip;]</p>
